What is the hundreds digit of ((-40)/(-15))/(2/o) - -377?
3
Suppose -2*z - 85 = -5*c, z + 3*c - 6*c + 45 = 0. Let t = 34 + z. Suppose -t + 418 = 3*h. What is the units digit of h?
8
Let b = 118 + -126. What is the units digit of (27675/(-12))/15*b?
0
Suppose 7*q + 60 = 2*q. Let f(o) = -o**3 - 7*o**2 - 12*o + 17. What is the tens digit of f(q)?
8
Suppose -48 + 168 = 12*a. Let o be (-2 - (-16)/14)/((-3)/14). Suppose a = 14*y - o. What is the units digit of y?
1
Let b(k) = k**3 - k**2 + 2*k + 3166. What is the thousands digit of b(0)?
3
Let h(s) = 2*s**3 - 36*s**2 - 53*s + 1280. What is the thousands digit of h(24)?
6
What is the ten thousands digit of (-6)/(-27) - ((-138)/12)/(45/51080)?
1
Let t be 11365/7 - 27/(-63). Suppose t*d = 1629*d - 445. What is the tens digit of d?
8
Let g(o) = o. Let v be g(-4). Let a be (v/5)/((-14)/35). Suppose 5*p = a*p + 219. What is the units digit of p?
3
Suppose 0*b - b + 176 = -3*s, 3*s = -b - 172. Let h = s - -60. Suppose 6*y + h*y = 656. What is the units digit of y?
2
Suppose -425*d + 448*d - 27761 = 0. What is the tens digit of d?
0
Suppose 28*y = -7*y + 5145. Let a = 571 - y. What is the hundreds digit of a?
4
Let l(d) = d**3 - 15*d**2 - 16*d + 6. Let q be l(16). Suppose 2*m + 2*z - 224 = 0, -q*m - 3*z = -4*m - 229. What is the tens digit of m?
0
Let q(k) = -k**2 - 10*k - 21. Let h be q(-6). Suppose 3 = -i, x - 6*i = -h*i + 38. What is the units digit of x?
9
Suppose 3*k - 3934 = -4*w, -6*w - 4*k + 8152 = 2250. What is the tens digit of w?
8
Suppose 0 = 4*l + a + 108 - 5518, -5*l + 6758 = -a. Let v be 5/15 + l/12. Suppose 4*m - 575 - v = 0. What is the tens digit of m?
7
Suppose -j + 435 = -4*q - 35, -2*j + 979 = 5*q. Suppose -j = -3*c - 182. What is the tens digit of c?
0
Let t(m) = m**2 + 2*m - 10. Let p be t(0). Let b be (4/p + (-32)/(-30))*240. Suppose -3*y = 2*z - 459, -z + b = -5*y - 76. What is the tens digit of z?
3
Suppose 14 = k - 40. Let u = k + -27. What is the tens digit of u?
2
What is the ten thousands digit of (-992426)/(-30) - (-16*(-66)/180 - 6)?
3
Let f be (19515/4)/3 - 67/268. Suppose -2*h + f = 276. What is the tens digit of h?
7
Suppose -2*g - 3*p + 3626 = 0, 4*g = 5*g + 3*p - 1819. Suppose -6*j = 307 - g. What is the units digit of j?
0
Let b = 98 + -100. Let i be 946 + (-5 - -6)*b. What is the tens digit of i/6 + (-85)/(-51)?
5
Let m(a) = -24*a**2 + 97*a + 38. Let s(v) = 11*v**2 - 48*v - 19. Let y(i) = 4*m(i) + 9*s(i). What is the tens digit of y(-10)?
2
Let h(y) be the second derivative of 0*y**2 + 127/6*y**4 + 29*y - 1/6*y**3 - 2. What is the units digit of h(1)?
3
Let j(a) = -4*a - 17. Let r be j(-4). Let i(f) = -140*f**3 - 3*f - 2. Let m be i(r). Let t = m - 64. What is the units digit of t?
7
Suppose 0 = -3*p - i + 33, i = 2*p + 3*p - 63. Suppose -p*a + 10*a + 836 = 0. What is the tens digit of a?
1
Suppose -71*o + 74*o = 2*z + 899, 2*o = 3*z + 606. What is the units digit of o?
7
Let x(i) = i**2 - 11*i - 35. Let g(b) = 45*b - 3. Let h be g(2). Let u = h + -72. What is the units digit of x(u)?
5
Let z be 2/(10/575) + -4. Suppose -4*b + b = z. Let f = 44 + b. What is the units digit of f?
7
Suppose 2*y - 12*g = -8*g - 18, 15 = 3*g. What is the hundreds digit of 24/(-3)*y*(-67)/2?
2
Let q(w) be the first derivative of -13*w**4/4 - w**3/3 + 2*w + 4. Let o be q(-2). What is the units digit of o + (-4 - -6)/(-2)?
1
Suppose 47760 = -2*c - 20*c + 243186. What is the hundreds digit of c?
8
Let v = -178 - -179. Suppose h = -v, 0 = -114*t + 118*t + 5*h - 3843. What is the hundreds digit of t?
9
Let j = -19944 + 36962. What is the tens digit of j?
1
Suppose -q = -5*n - 5289, 165*n = -3*q + 170*n + 15867. What is the hundreds digit of q?
2
Let j(b) = 4*b**3 - 2*b**2 + 23*b - 6. Let g be j(-7). Let c = g - -2362. What is the units digit of c?
5
Suppose 0 = -4*b + 8*b + 2*b. Suppose 0*l + 2*v - 192 = -l, b = -4*l + 5*v + 742. What is the hundreds digit of l?
1
Suppose 0*o = -11*o + 144738. Suppose 0 = -2*a - 16*a + o. What is the hundreds digit of a?
7
Let s be ((-32 - -2) + 2)*1816/2. What is the units digit of ((-6)/(-21))/((-8)/s)?
8
Suppose -40*o - 149*o + 4484525 = -465574. What is the tens digit of o?
9
Suppose -2*h - 86 = -5*l - h, -31 = -2*l - 3*h. Let m = l - 21. Let f(b) = b**3 + 6*b**2 + 4*b - 4. What is the tens digit of f(m)?
1
Suppose 21*r - 19*r - 16853 = 5*t, 0 = 2*r + 4*t - 16826. What is the hundreds digit of r?
4
Let h = 170 + -164. What is the units digit of (-8*92/12)/((-1)/h)?
8
Suppose 7171 = 5*x + 5*k - 17999, -20 = -4*k. What is the units digit of x?
9
Suppose -34*a + 291593 = -157513. What is the thousands digit of a?
3
Let u(i) = 5 - i**3 - 1992*i + 9*i**2 - 4 + 9 + 2001*i. Let g be u(10). Suppose g = -35*b + 40*b - 770. What is the tens digit of b?
5
Let m be 341/33*(-2 + (0 - 1)). Let i = -20 - m. Suppose -i*n = -15*n + 248. What is the tens digit of n?
6
Suppose 4*y = -2*m - 2, 2*m + m = -3*y - 6. Let g(c) = -33*c**3 + 3*c + 2. Let b be g(m). Suppose -72*p = -68*p - b. What is the units digit of p?
1
Suppose 4*a = -2*l + 1046, -5*a + 1432 - 117 = 5*l. Suppose 0 = -5*q + 4*q + p + 84, 0 = 2*p - 2. Let b = a - q. What is the tens digit of b?
7
Let v(x) = 259*x + 15589. What is the tens digit of v(0)?
8
Let k be (-6)/4*384/(-72). Suppose 10 - k = v - 4*f, 8 = 4*v - 2*f. What is the units digit of 8556/45 + v/(-15)?
0
Suppose -1550 - 626 = -p + 10460. What is the hundreds digit of p?
6
Let g be 9/6*106 - 1. Suppose 0 = -5*b - 2*u + u - 443, -4 = -2*u. Let l = b + g. What is the units digit of l?
9
Let z(b) = 2*b**2 - 16*b - 22. Suppose 4*q - v - 63 = 4, -4*v = -2*q + 16. Let c be z(q). Let o = c + -202. What is the hundreds digit of o?
1
Let d = 43 + -114. Let h = 115 + d. What is the tens digit of h?
4
Let l = 74115 + -37021. What is the tens digit of l?
9
Suppose 0*o + 17 = 4*h - 5*o, 0 = 4*h - 4*o - 20. Let z be (h/(-12) + 2)*-30. What is the units digit of ((-165)/(-9))/(-5)*(1 + z)?
3
Suppose 319*u = 318*u + 4301. What is the units digit of u?
1
Let v = 18162 + -8846. What is the thousands digit of v?
9
Let j(p) = 37 - p + p**2 + 52 + 42 - 35. Let y = -111 + 111. What is the tens digit of j(y)?
9
Suppose -2*q + 253 = 6*g - 351, -1575 = -5*q - 2*g. Suppose 0 = -q*v + 306*v + 15169. What is the thousands digit of v?
1
Let s be (22/4)/((-1)/(-1072)*1). What is the units digit of ((-19)/(-38))/(4/s)?
7
Suppose -379 = 8*g + 469. Let s = 46 - g. What is the tens digit of s?
5
Let p(g) = 1273*g - 836. What is the units digit of p(5)?
9
Suppose -22*c = -13*c + 1305. Let k = -1 - c. What is the hundreds digit of k?
1
Let g(s) = -2*s - 11 + 38 - 8. Let t be g(11). What is the tens digit of (-15)/(-5) - (-154 + t - 0)?
6
Suppose -13*c - 72 + 11953 = 272. What is the units digit of c?
3
Suppose -2847 - 4329 = -6*n. What is the thousands digit of n?
1
Suppose 2*z + 12 = 5*i, 2*i = -2*z - 3*i + 28. Let b be 192 + (-3)/(-6)*6. Suppose -4*p + b + 12 = 5*j, -z*j + 4*p = -180. What is the tens digit of j?
4
Let z(t) = 1001*t - 1277. What is the tens digit of z(6)?
2
Let g(j) = -27*j + 3. Let u be g(1). Let a be (4 + -6)/((-8)/(-2))*u. What is the units digit of 150/(-24)*-1*a?
5
Suppose 5*g + 2*x + 35 = 0, -4*g = -x - 0*x + 41. Let k be ((-11)/(-33))/(1/g). What is the units digit of (0 - 8)/(k/6)?
6
Suppose -16*f + 15*f + 2 = 0, f + 11083 = a. What is the thousands digit of a?
1
Suppose 2*u + 4*o = 18614, -2*u = o - 0*o - 18617. What is the thousands digit of u?
9
Let i(s) be the second derivative of -s**5/20 - s**4/12 + s**3/6 + s**2 - 6*s. Let t be i(-1). Let w(r) = 102*r**3 + r. What is the tens digit of w(t)?
0
Suppose 5*q - 5 = 20. Suppose -3*v = 4*f - 649, -v = -q*f - 346 + 98. What is the tens digit of v?
2
Let f(j) be the third derivative of 0*j + 1/4*j**5 + 0 + 1/120*j**6 - 10/3*j**3 + 13*j**2 - 25/24*j**4. What is the tens digit of f(-16)?
2
Let k(o) = o**3 - 19*o**2 + 35*o - 17. Let r be k(17). Let h(u) = -u**3 + u**2 + u + 145. Let d be h(r). Suppose -4*t + d = -347. What is the tens digit of t?
2
Let j(r) = 4*r**3 - 10*r**2 - 3*r + 8. Let f be j(-7). Let q = 2785 + f. Suppose -5*g - q = -13*g. What is the tens digit of g?
1
Suppose -2*v = 14*g - 16*g - 108, v = -3*g - 170. Let q = g + 456. What is the hundreds digit of q?
4
Let s(m) = 13*m**2 + 135*m - 1507. W